(c)?
-1
Let b(c) be the third derivative of c**6/120 + c**5/3 + 4*c**4 - 7*c**3/6 + 1884*c**2. Calculate b(-12).
-7
Let n(a) = -a**2 + 4. Let y(t) = -2*t**2 - 12*t - 52. Let h(f) = 3*n(f) - y(f). Calculate h(15).
19
Let v(i) = -3*i + 1. Suppose -j = 10*j. Let t be -9 - (-8 + j - -4). Calculate v(t).
16
Let u(b) = -b**2 + 19*b - 19. Let o be u(14). Let r be ((o/85)/((-1)/(-5)))/(-3). Let v(l) be the first derivative of -3*l**4/4 - 3. Calculate v(r).
3
Let t(n) be the third derivative of n**6/120 - n**5/60 + n**4/12 - n**3/2 - 699*n**2. Calculate t(3).
21
Let z(a) be the third derivative of 2*a**2 + 0*a - 1/12*a**4 + 0 - 2/3*a**3. Give z(10).
-24
Let p(j) be the second derivative of 2*j**3/3 - 6*j**2 + 8*j. Let y be p(5). Let t = y - 16. Let f(x) = -x**3 - 7*x**2 + 10*x + 2. Calculate f(t).
-14
Let h = 136 + -116. Let c(p) = -3*p**2 + 3*p - 11*p**2 - 6 - p**3 + h*p**2. Suppose 11*b - 12 = 9*b. Calculate c(b).
12
Let d(f) = 2 + 158249*f**2 - 10 + 6 - 158247*f**2 + 5*f. Let w be ((-5)/10)/(2/(-44)). Let o be (-2)/(-11) - 57/w. What is d(o)?
23
Let m be (-40)/6 - 385/1155. Suppose 5*p - 5 = 5. Let d(u) = -6 - u**2 + p*u**2 - 2*u**2 - 11*u. What is d(m)?
22
Let r = 271 - 631. Let w be ((-432)/r)/(1/5). Let d(k) = -2*k + 6. Calculate d(w).
-6
Let h(j) = j + 8. Let z be h(5). Suppose 4*r - 3 = z. Let q(a) = -1 + r - a**2 - 3*a + a**3 + 2*a**2 + 3*a**2. Give q(-5).
-7
Let m(n) be the second derivative of -3*n**5/10 - 35*n**2/2 - n - 140. Let h(d) be the first derivative of m(d). Calculate h(1).
-18
Let x(o) be the first derivative of -2/3*o**3 + o + 5/2*o**2 + 24. Determine x(4).
-11
Let z(v) be the first derivative of 3*v**2 - 17*v - 492. Calculate z(-9).
-71
Let s(i) = -3*i + 1 + i**3 + 2*i + 3. Suppose -11*t - 4*p + 85 = -8*t, -5*t + p = -134. Suppose 0 = t*l + 102 - 102. Calculate s(l).
4
Let k = -154 + 158. Let g(h) = -9*h - 3. Let m(l) = 20*l + 7. Let v(y) = k*m(y) + 9*g(y). Calculate v(3).
-2
Let q(w) = -31 + w**3 + 40*w + 0 - 279869*w**2 + 279847*w**2. What is q(20)?
-31
Let y(a) = 4*a**2 - 42*a. Let d(n) = -77*n + 6248. Let w be d(81). Calculate y(w).
22
Let o(b) = 1453*b**2 - 774*b**2 + b**3 - 6*b - 674*b**2 + 7. Suppose 0 = 2*c + 3*c - 4*m + 10, 0 = -2*c + 2*m - 2. Let g(x) = 2*x + 6. Let t be g(c). Give o(t).
7
Let s be ((-12)/126)/((-124)/(-28) - 5). Let r(j) be the second derivative of 4*j**2 + s*j**3 + 0 + 3*j. Calculate r(-10).
-2
Let v(d) be the third derivative of d**4/12 - 5*d**3/6 + d**2. Let j be 9*((-252)/630)/(12/(-10)). Determine v(j).
1
Suppose 0 = 4*g - 6*g + 18. Let r be -7*(30/g - (-4)/(-12)). Let j be (0 - 4 - (r - -27)) + 3. Let y(b) = b + 4. Calculate y(j).
-3
Suppose -199*g - 44 = -197*g + 4*t, -60 = 4*g - 6*t. Let d(r) = -r**2 - 15*r + 63. Determine d(g).
9
Let l(h) be the second derivative of h**3/3 + h**2/2 + 5*h. Let v(r) = r**2 + 32*r - 41. Suppose o - 2 = 2*w + 67, 2*o - 171 = 5*w. Let d be v(w). Give l(d).
-15
Let h be 5/(-15)*(-66 + 33). Let m(a) = 4*a - 37. What is m(h)?
7
Let w be 6 + 0 - (-44 - -45). Let b(x) = -3*x + 34. What is b(w)?
19
Let l be (-6)/(-12) - (-161)/42*3. Let n(i) = -i**3 + 11*i**2 + 12*i - 13. Determine n(l).
-13
Suppose 10*a + 12 = 16*a. Let r(z) = z - 326*z**a + 324*z**2 + z + 2 - 1. Give r(2).
-3
Let d(k) be the third derivative of -k**5/60 + k**4/6 + 7*k**3/6 - k**2 + 28*k. Let j = 2 - 0. Suppose j*y = 4*y - 10. Determine d(y).
2
Let u be (6/8)/(0 - (-1)/(-148)). Let j = u - -118. Let w(n) be the third derivative of n**6/120 - 2*n**5/15 + n**4/3 + n**3/2 - 2*n**2. Determine w(j).
10
Let c(i) = 20*i**2 - 11 - 56*i**2 + 13*i**2 + 0 + 9*i - 2*i + 22*i**2. Suppose 0*m = 4*m - 20. What is c(m)?
-1
Let v = -60 + 92. Let x = v - 88. Let j = x + 47. Let w(c) = -c**3 - 9*c**2 + 2*c + 13. Calculate w(j).
-5
Let p(d) = 33*d**2 - 27*d + 24. Let n(r) = -29*r**2 + 23*r - 20. Let v(i) = 6*n(i) + 5*p(i). Calculate v(2).
-30
Let m(u) = 3 + 2 - 2*u - 2. Let b(k) be the first derivative of -6*k**2 + 196*k + 145. Let y be b(16). Give m(y).
-5
Let i(w) = -w**3 - 11*w**2 - w + 10. Let c(y) = -y**3 - 46*y**2 + 49*y + 83. Let o be c(-47). Give i(o).
21
Let m(v) = v**2 - 13*v + 3. Let b(i) = 2*i**2 - 29*i + 5. Let o(p) = -4*b(p) + 9*m(p). Let q be (-2)/(-2) + 6/(-6). Determine o(q).
7
Let x(o) = 6*o + 115. Let z be x(-14). Let m = 42 + -18. Let g(f) = 2*f**2 - 49 + z - 7*f + m. Calculate g(4).
10
Let g = 6327 + -6333. Let z(u) be the first derivative of u**4/4 + 5*u**3/3 - 4*u**2 - 9*u - 1. Determine z(g).
3
Let a(l) = 2*l**2 - 46*l + 40. Let b = -21602 + 21624. Calculate a(b).
-4
Let l(y) = -4*y. Let i(q) be the first derivative of 5*q**2/2 - 5*q - 157. Let v be i(2). Determine l(v).
-20
Suppose 0*a = -2*a - 6. Let u(q) be the first derivative of -q - q**3 - 3/2*q**2 + 22 - 1/4*q**4. Give u(a).
8
Let z(c) = 2*c**2 - 1. Let h(x) = 112*x**2 - 8*x - 13. Let s(g) = 75*g**2 - 6*g - 9. Let u(i) = 5*h(i) - 7*s(i). Let y(t) = u(t) - 3*z(t). Determine y(-1).
28
Let q(w) = w**3 - 5*w**2 + 5*w + 2. Suppose -3*y + 6 = 0, 3*t - 16 + 1 = -3*y. Suppose t*k = 12*k - 36. Give q(k).
6
Suppose -4 = -7*b + 3. Let y be 0 + b + (4 - 3). Let l(f) = -4 + 5*f**2 - 4*f - 3*f**2 - 2 - f**y. Calculate l(6).
6
Let u(l) = -3 + 22 + 3 - 1 - 15 + l - 3. Suppose -3*m = j - 19, 2*j + 2*j = 4. Calculate u(m).
9
Suppose -36 = 2*g - 14*g. Let z(q) = 299 + q**g - 289 - 12*q**2 + 0*q**2 - q. Give z(12).
-2
Let m(s) = -s + 4. Let p(v) = -121*v + 843. Let u be p(7). Give m(u).
8
Let b(z) = 2*z + 3*z - 2*z - 5*z**2 - 8*z**3 + 4 + 15*z**3 - 6*z**3. What is b(3)?
-5
Let r = 516 + -142. Let x = r + -372. Let h(j) = j**3 - 7*j + 5. Give h(x).
-1
Let z(g) = 9*g + 42. Let y(s) = -s**3 + 10*s**2 + 48*s - 414. Let d be y(11). Determine z(d).
-21
Let r(b) be the second derivative of b**4/12 - b**3/6 + 3*b**2 - 1106*b. Calculate r(2).
8
Let f(p) = -p**2 + 19*p - 19. Let r(l) = -l**3 - 22*l**2 - 83*l + 50. Let w be r(-17). Determine f(w).
29
Let n(y) = -9*y - 2. Let c be (-24)/(-78)*26 + 1*-2. Give n(c).
-56
Let z = -32 + 39. Let u = 10 - z. Let h(n) = 0*n**2 - 4*n**3 + 3*n**2 + u*n**3 - 1 - 2*n + 2*n**2. Calculate h(4).
7
Let s be (-9)/(-5 + 23)*(-1 - -1). Let g(i) = i**2 - 5*i + 26. Let h(c) = c**2 - 6*c + 26. Let r(o) = 6*g(o) - 5*h(o). Calculate r(s).
26
Let w(j) be the second derivative of -j**5/20 + j**4/3 + 4*j**3/3 - 13*j**2/2 - 492*j - 3. What is w(5)?
2
Let s(t) = t**2 + 6*t - 31. Let m be 15/(-20)*(-56)/14. Calculate s(m).
-4
Let m be 1*(-1*0/4 + 2). Let l(y) = -2 - 69*y**2 + 74*y**m + 3. Suppose 8*p = 7*p - 1. Calculate l(p).
6
Let p(c) = 11*c - 110. Let g be p(15). Let j(a) = g - 10*a + 49 - 105. Determine j(2).
-21
Let m be ((153/(-18))/(-17))/((-1)/(-4)). Let r(p) = -3*p**2 - 9*p - 3. Let z(c) = -c**2 - 2*c - 1. Let v(t) = m*z(t) - r(t). Calculate v(-6).
7
Let w(i) be the second derivative of 2 - 2/5*i**5 + 1/12*i**4 + 1/6*i**3 + 7*i + 1/2*i**2. Calculate w(-1).
9
Let s(i) = i**2 + 1. Let t(q) = -6*q**2 - q - 3. Let x(y) = 5*s(y) + t(y). Let f(m) = 5*m**3 + 80*m**2 - 18*m - 291. Let u be f(-16). Give x(u).
-4
Suppose -9*u = -3*u - 48. Suppose u*f - 12 = 6*f. Let w(x) = x**3 - 5*x**2 - 7*x + 1. What is w(f)?
-5
Let c(m) = 19*m**2 - 46*m + 32. Let t(y) = 25*y**2 - 60*y + 42. Let x(i) = -13*c(i) + 10*t(i). Calculate x(2).
12
Let m(u) be the first derivative of -u**4/4 - 14*u**3/3 + 7*u**2 - 10*u + 112108. Suppose 5*a + r = -0*r - 74, 2*a + 34 = 4*r. Calculate m(a).
5
Let p(w) = w**2 - 9*w + 27. Suppose -4*n + 2*a + 22 = 0, 0 = -3*n - 38*a + 42*a + 19. What is p(n)?
7
Let h(g) be the third derivative of -g**6/720 + g**5/12 - 11*g**4/6 - g**3/2 + 67*g**2. Let i(y) be the second derivative of h(y). Calculate i(11).
-1
Let t(h) = 18*h**3 + 34*h**2 + 39*h - 48. Let y(q) = -5*q**3 - 11*q**2 - 13*q + 16. Let k(d) = 2*t(d) + 7*y(d). Determine k(8).
-152
Let u(h) = 13*h**3 - 15*h**2 + 4*h - 5. Let l(i) = -3*i**3 + 4*i**2 - i + 1. Let p(t) = -9*l(t) - 2*u(t). Determine p(5).
-19
Let g be 2/(-12)*(42 + 0). Let r(f) be the third derivative of f**8/20160 + f**7/840 + f**5/60 + 2*f**2. Let z(a) be the third derivative of r(a). What is z(g)?
7
Let d(c) = c**3 + 6*c**2 - 3*c - 6. Let v(z) = -z**2 - 6*z - 3. Let b be v(-2). Let t be (-14)/3 - b/(-45)*-3. Calculate d(t).
34
Let c(p) = p - 16. Let l = -231 + 248. Let m be c(l). Let r(v) = 18*v + 1. Give r(m).
19
Su